{"id":24625,"date":"2021-11-27T11:58:41","date_gmt":"2021-11-27T11:58:41","guid":{"rendered":"https:\/\/terra-lusa.com\/?post_type=product&#038;p=24625"},"modified":"2024-12-09T16:06:25","modified_gmt":"2024-12-09T16:06:25","slug":"colecao-eletrico-eco-saco-ecologicos","status":"publish","type":"product","link":"https:\/\/terra-lusa.com\/pt-pt\/produto\/colecao-eletrico-eco-saco-ecologicos\/","title":{"rendered":"Eco Saco El\u00e9trico"},"content":{"rendered":"<p>Desde 1901 que os el\u00e9tricos percorrem as ruas estreitas, \u00edngremes e sinuosas dos bairros mais t\u00edpicos da capital. O el\u00e9trico, carinhosamente apelidado pelos portugueses de &#8220;Amarelo&#8221;,\u00e9 um ex-libris da cidade de Lisboa.<\/p>\n<p>A marca Terra Lusa apresenta v\u00e1rias cole\u00e7\u00f5es de produtos onde cada refer\u00eancia \u00e9 um tributo ao Patrim\u00f3nio Cultural de Portugal: notebooks, leques, eco sacos, mini guarda-chuvas, caixas de \u00f3culos e panos microfibra todos divididos em tem\u00e1ticas com ra\u00edzes em elementos tipicamente portugueses.<\/p>\n<p>800 Anos de Hist\u00f3ria, Cultura e Tradi\u00e7\u00e3o inspiraram a conce\u00e7\u00e3o das v\u00e1rias pe\u00e7as em que a tecnologia de qualidade se alia ao design contempor\u00e2neo.<\/p>\n","protected":false},"excerpt":{"rendered":"<p>Este eco saco foi inspirado nos el\u00e9tricos que percorrem as ruas estreitas, \u00edngremes e sinuosas dos bairros mais t\u00edpicos da capital portuguesa.<\/p>\n<p>Os eco sacos s\u00e3o reutiliz\u00e1veis e extremamente pr\u00e1ticos para as compras, podendo ser usados in\u00fameras vezes. Apesar de suportarem at\u00e9 10 kg, pesam apenas 35 g, tornando-os ideais para transportar na mala. Medidas aproximadas: bolsa 7&#215;12 cm; saco 43&#215;52 cm.<\/p>\n","protected":false},"featured_media":24617,"comment_status":"closed","ping_status":"closed","template":"","meta":{"_exactmetrics_skip_tracking":false,"_exactmetrics_sitenote_active":false,"_exactmetrics_sitenote_note":"","_exactmetrics_sitenote_category":0},"product_brand":[142],"product_cat":[81],"product_tag":[],"class_list":{"0":"post-24625","1":"product","2":"type-product","3":"status-publish","4":"has-post-thumbnail","6":"product_brand-eletrico","7":"product_cat-eco-sacos","8":"product_shipping_class-standard-pt-pt","10":"first","11":"instock","12":"taxable","13":"shipping-taxable","14":"purchasable","15":"product-type-simple"},"yoast_head":"<!-- This site is optimized with the Yoast SEO plugin v26.9 - https:\/\/yoast.com\/product\/yoast-seo-wordpress\/ -->\n<title>Eco Saco El\u00e9trico - Terra Lusa<\/title>\n<meta name=\"description\" content=\"Venha conhecer as cole\u00e7\u00f5es Terra Lusa onde as tem\u00e1ticas s\u00e3o inspiradas no patrim\u00f3nio cultural de Portugal.\" \/>\n<meta name=\"robots\" content=\"index, follow, max-snippet:-1, max-image-preview:large, max-video-preview:-1\" \/>\n<link rel=\"canonical\" href=\"https:\/\/terra-lusa.com\/pt-pt\/produto\/colecao-eletrico-eco-saco-ecologicos\/\" \/>\n<meta property=\"og:locale\" content=\"pt_PT\" \/>\n<meta property=\"og:type\" content=\"article\" \/>\n<meta property=\"og:title\" content=\"Eco Saco El\u00e9trico - Terra Lusa\" \/>\n<meta property=\"og:description\" content=\"Venha conhecer as cole\u00e7\u00f5es Terra Lusa onde as tem\u00e1ticas s\u00e3o inspiradas no patrim\u00f3nio cultural de Portugal.\" \/>\n<meta property=\"og:url\" content=\"https:\/\/terra-lusa.com\/pt-pt\/produto\/colecao-eletrico-eco-saco-ecologicos\/\" \/>\n<meta property=\"og:site_name\" content=\"Terra Lusa\" \/>\n<meta property=\"article:modified_time\" content=\"2024-12-09T16:06:25+00:00\" \/>\n<meta property=\"og:image\" content=\"https:\/\/terra-lusa.com\/wp-content\/uploads\/2021\/11\/211-a.png\" \/>\n\t<meta property=\"og:image:width\" content=\"900\" \/>\n\t<meta property=\"og:image:height\" content=\"900\" \/>\n\t<meta property=\"og:image:type\" content=\"image\/png\" \/>\n<meta name=\"twitter:card\" content=\"summary_large_image\" \/>\n<meta name=\"twitter:label1\" content=\"Tempo estimado de leitura\" \/>\n\t<meta name=\"twitter:data1\" content=\"1 minuto\" \/>\n<script type=\"application\/ld+json\" class=\"yoast-schema-graph\">{\"@context\":\"https:\/\/schema.org\",\"@graph\":[{\"@type\":\"WebPage\",\"@id\":\"https:\/\/terra-lusa.com\/pt-pt\/produto\/colecao-eletrico-eco-saco-ecologicos\/\",\"url\":\"https:\/\/terra-lusa.com\/pt-pt\/produto\/colecao-eletrico-eco-saco-ecologicos\/\",\"name\":\"Eco Saco El\u00e9trico - Terra Lusa\",\"isPartOf\":{\"@id\":\"https:\/\/terra-lusa.com\/pt-pt\/#website\"},\"primaryImageOfPage\":{\"@id\":\"https:\/\/terra-lusa.com\/pt-pt\/produto\/colecao-eletrico-eco-saco-ecologicos\/#primaryimage\"},\"image\":{\"@id\":\"https:\/\/terra-lusa.com\/pt-pt\/produto\/colecao-eletrico-eco-saco-ecologicos\/#primaryimage\"},\"thumbnailUrl\":\"https:\/\/terra-lusa.com\/wp-content\/uploads\/2021\/11\/211-a.png\",\"datePublished\":\"2021-11-27T11:58:41+00:00\",\"dateModified\":\"2024-12-09T16:06:25+00:00\",\"description\":\"Venha conhecer as cole\u00e7\u00f5es Terra Lusa onde as tem\u00e1ticas s\u00e3o inspiradas no patrim\u00f3nio cultural de Portugal.\",\"breadcrumb\":{\"@id\":\"https:\/\/terra-lusa.com\/pt-pt\/produto\/colecao-eletrico-eco-saco-ecologicos\/#breadcrumb\"},\"inLanguage\":\"pt-PT\",\"potentialAction\":[{\"@type\":\"ReadAction\",\"target\":[\"https:\/\/terra-lusa.com\/pt-pt\/produto\/colecao-eletrico-eco-saco-ecologicos\/\"]}]},{\"@type\":\"ImageObject\",\"inLanguage\":\"pt-PT\",\"@id\":\"https:\/\/terra-lusa.com\/pt-pt\/produto\/colecao-eletrico-eco-saco-ecologicos\/#primaryimage\",\"url\":\"https:\/\/terra-lusa.com\/wp-content\/uploads\/2021\/11\/211-a.png\",\"contentUrl\":\"https:\/\/terra-lusa.com\/wp-content\/uploads\/2021\/11\/211-a.png\",\"width\":900,\"height\":900},{\"@type\":\"BreadcrumbList\",\"@id\":\"https:\/\/terra-lusa.com\/pt-pt\/produto\/colecao-eletrico-eco-saco-ecologicos\/#breadcrumb\",\"itemListElement\":[{\"@type\":\"ListItem\",\"position\":1,\"name\":\"Home\",\"item\":\"https:\/\/terra-lusa.com\/pt-pt\/\"},{\"@type\":\"ListItem\",\"position\":2,\"name\":\"Produtos\",\"item\":\"https:\/\/terra-lusa.com\/pt-pt\/produtos\/\"},{\"@type\":\"ListItem\",\"position\":3,\"name\":\"Eco Saco El\u00e9trico\"}]},{\"@type\":\"WebSite\",\"@id\":\"https:\/\/terra-lusa.com\/pt-pt\/#website\",\"url\":\"https:\/\/terra-lusa.com\/pt-pt\/\",\"name\":\"Terra Lusa\",\"description\":\"O Melhor de Portugal\",\"potentialAction\":[{\"@type\":\"SearchAction\",\"target\":{\"@type\":\"EntryPoint\",\"urlTemplate\":\"https:\/\/terra-lusa.com\/pt-pt\/?s={search_term_string}\"},\"query-input\":{\"@type\":\"PropertyValueSpecification\",\"valueRequired\":true,\"valueName\":\"search_term_string\"}}],\"inLanguage\":\"pt-PT\"}]}<\/script>\n<!-- \/ Yoast SEO plugin. -->","yoast_head_json":{"title":"Eco Saco El\u00e9trico - Terra Lusa","description":"Venha conhecer as cole\u00e7\u00f5es Terra Lusa onde as tem\u00e1ticas s\u00e3o inspiradas no patrim\u00f3nio cultural de Portugal.","robots":{"index":"index","follow":"follow","max-snippet":"max-snippet:-1","max-image-preview":"max-image-preview:large","max-video-preview":"max-video-preview:-1"},"canonical":"https:\/\/terra-lusa.com\/pt-pt\/produto\/colecao-eletrico-eco-saco-ecologicos\/","og_locale":"pt_PT","og_type":"article","og_title":"Eco Saco El\u00e9trico - Terra Lusa","og_description":"Venha conhecer as cole\u00e7\u00f5es Terra Lusa onde as tem\u00e1ticas s\u00e3o inspiradas no patrim\u00f3nio cultural de Portugal.","og_url":"https:\/\/terra-lusa.com\/pt-pt\/produto\/colecao-eletrico-eco-saco-ecologicos\/","og_site_name":"Terra Lusa","article_modified_time":"2024-12-09T16:06:25+00:00","og_image":[{"width":900,"height":900,"url":"https:\/\/terra-lusa.com\/wp-content\/uploads\/2021\/11\/211-a.png","type":"image\/png"}],"twitter_card":"summary_large_image","twitter_misc":{"Tempo estimado de leitura":"1 minuto"},"schema":{"@context":"https:\/\/schema.org","@graph":[{"@type":"WebPage","@id":"https:\/\/terra-lusa.com\/pt-pt\/produto\/colecao-eletrico-eco-saco-ecologicos\/","url":"https:\/\/terra-lusa.com\/pt-pt\/produto\/colecao-eletrico-eco-saco-ecologicos\/","name":"Eco Saco El\u00e9trico - Terra Lusa","isPartOf":{"@id":"https:\/\/terra-lusa.com\/pt-pt\/#website"},"primaryImageOfPage":{"@id":"https:\/\/terra-lusa.com\/pt-pt\/produto\/colecao-eletrico-eco-saco-ecologicos\/#primaryimage"},"image":{"@id":"https:\/\/terra-lusa.com\/pt-pt\/produto\/colecao-eletrico-eco-saco-ecologicos\/#primaryimage"},"thumbnailUrl":"https:\/\/terra-lusa.com\/wp-content\/uploads\/2021\/11\/211-a.png","datePublished":"2021-11-27T11:58:41+00:00","dateModified":"2024-12-09T16:06:25+00:00","description":"Venha conhecer as cole\u00e7\u00f5es Terra Lusa onde as tem\u00e1ticas s\u00e3o inspiradas no patrim\u00f3nio cultural de Portugal.","breadcrumb":{"@id":"https:\/\/terra-lusa.com\/pt-pt\/produto\/colecao-eletrico-eco-saco-ecologicos\/#breadcrumb"},"inLanguage":"pt-PT","potentialAction":[{"@type":"ReadAction","target":["https:\/\/terra-lusa.com\/pt-pt\/produto\/colecao-eletrico-eco-saco-ecologicos\/"]}]},{"@type":"ImageObject","inLanguage":"pt-PT","@id":"https:\/\/terra-lusa.com\/pt-pt\/produto\/colecao-eletrico-eco-saco-ecologicos\/#primaryimage","url":"https:\/\/terra-lusa.com\/wp-content\/uploads\/2021\/11\/211-a.png","contentUrl":"https:\/\/terra-lusa.com\/wp-content\/uploads\/2021\/11\/211-a.png","width":900,"height":900},{"@type":"BreadcrumbList","@id":"https:\/\/terra-lusa.com\/pt-pt\/produto\/colecao-eletrico-eco-saco-ecologicos\/#breadcrumb","itemListElement":[{"@type":"ListItem","position":1,"name":"Home","item":"https:\/\/terra-lusa.com\/pt-pt\/"},{"@type":"ListItem","position":2,"name":"Produtos","item":"https:\/\/terra-lusa.com\/pt-pt\/produtos\/"},{"@type":"ListItem","position":3,"name":"Eco Saco El\u00e9trico"}]},{"@type":"WebSite","@id":"https:\/\/terra-lusa.com\/pt-pt\/#website","url":"https:\/\/terra-lusa.com\/pt-pt\/","name":"Terra Lusa","description":"O Melhor de Portugal","potentialAction":[{"@type":"SearchAction","target":{"@type":"EntryPoint","urlTemplate":"https:\/\/terra-lusa.com\/pt-pt\/?s={search_term_string}"},"query-input":{"@type":"PropertyValueSpecification","valueRequired":true,"valueName":"search_term_string"}}],"inLanguage":"pt-PT"}]}},"_links":{"self":[{"href":"https:\/\/terra-lusa.com\/pt-pt\/wp-json\/wp\/v2\/product\/24625","targetHints":{"allow":["GET"]}}],"collection":[{"href":"https:\/\/terra-lusa.com\/pt-pt\/wp-json\/wp\/v2\/product"}],"about":[{"href":"https:\/\/terra-lusa.com\/pt-pt\/wp-json\/wp\/v2\/types\/product"}],"replies":[{"embeddable":true,"href":"https:\/\/terra-lusa.com\/pt-pt\/wp-json\/wp\/v2\/comments?post=24625"}],"wp:featuredmedia":[{"embeddable":true,"href":"https:\/\/terra-lusa.com\/pt-pt\/wp-json\/wp\/v2\/media\/24617"}],"wp:attachment":[{"href":"https:\/\/terra-lusa.com\/pt-pt\/wp-json\/wp\/v2\/media?parent=24625"}],"wp:term":[{"taxonomy":"product_brand","embeddable":true,"href":"https:\/\/terra-lusa.com\/pt-pt\/wp-json\/wp\/v2\/product_brand?post=24625"},{"taxonomy":"product_cat","embeddable":true,"href":"https:\/\/terra-lusa.com\/pt-pt\/wp-json\/wp\/v2\/product_cat?post=24625"},{"taxonomy":"product_tag","embeddable":true,"href":"https:\/\/terra-lusa.com\/pt-pt\/wp-json\/wp\/v2\/product_tag?post=24625"}],"curies":[{"name":"wp","href":"https:\/\/api.w.org\/{rel}","templated":true}]}}

Eco Saco Elétrico

<p>Desde 1901 que os elétricos percorrem as ruas estreitas, íngremes e sinuosas dos bairros mais típicos da capital. O elétrico, carinhosamente apelidado pelos portugueses de &#8220;Amarelo&#8221;,é um ex-libris da cidade de Lisboa.</p>
<p>A marca Terra Lusa apresenta várias coleções de produtos onde cada referência é um tributo ao Património Cultural de Portugal: notebooks, leques, eco sacos, mini guarda-chuvas, caixas de óculos e panos microfibra todos divididos em temáticas com raízes em elementos tipicamente portugueses.</p>
<p>800 Anos de História, Cultura e Tradição inspiraram a conceção das várias peças em que a tecnologia de qualidade se alia ao design contemporâneo.</p>

<p>Este eco saco foi inspirado nos elétricos que percorrem as ruas estreitas, íngremes e sinuosas dos bairros mais típicos da capital portuguesa.</p>
<p>Os eco sacos são reutilizáveis e extremamente práticos para as compras, podendo ser usados inúmeras vezes. Apesar de suportarem até 10 kg, pesam apenas 35 g, tornando-os ideais para transportar na mala. Medidas aproximadas: bolsa 7&#215;12 cm; saco 43&#215;52 cm.</p>

<!-- This site is optimized with the Yoast SEO plugin v26.9 - https://yoast.com/product/yoast-seo-wordpress/ -->
<title>Eco Saco Elétrico - Terra Lusa</title>
<meta name="description" content="Venha conhecer as coleções Terra Lusa onde as temáticas são inspiradas no património cultural de Portugal." />
<meta name="robots" content="index, follow, max-snippet:-1, max-image-preview:large, max-video-preview:-1" />
<link rel="canonical" href="https://terra-lusa.com/pt-pt/produto/colecao-eletrico-eco-saco-ecologicos/" />
<meta property="og:locale" content="pt_PT" />
<meta property="og:type" content="article" />
<meta property="og:title" content="Eco Saco Elétrico - Terra Lusa" />
<meta property="og:description" content="Venha conhecer as coleções Terra Lusa onde as temáticas são inspiradas no património cultural de Portugal." />
<meta property="og:url" content="https://terra-lusa.com/pt-pt/produto/colecao-eletrico-eco-saco-ecologicos/" />
<meta property="og:site_name" content="Terra Lusa" />
<meta property="article:modified_time" content="2024-12-09T16:06:25+00:00" />
<meta property="og:image" content="https://terra-lusa.com/wp-content/uploads/2021/11/211-a.png" />
	<meta property="og:image:width" content="900" />
	<meta property="og:image:height" content="900" />
	<meta property="og:image:type" content="image/png" />
<meta name="twitter:card" content="summary_large_image" />
<meta name="twitter:label1" content="Tempo estimado de leitura" />
	<meta name="twitter:data1" content="1 minuto" />
<script type="application/ld+json" class="yoast-schema-graph">{"@context":"https://schema.org","@graph":[{"@type":"WebPage","@id":"https://terra-lusa.com/pt-pt/produto/colecao-eletrico-eco-saco-ecologicos/","url":"https://terra-lusa.com/pt-pt/produto/colecao-eletrico-eco-saco-ecologicos/","name":"Eco Saco Elétrico - Terra Lusa","isPartOf":{"@id":"https://terra-lusa.com/pt-pt/#website"},"primaryImageOfPage":{"@id":"https://terra-lusa.com/pt-pt/produto/colecao-eletrico-eco-saco-ecologicos/#primaryimage"},"image":{"@id":"https://terra-lusa.com/pt-pt/produto/colecao-eletrico-eco-saco-ecologicos/#primaryimage"},"thumbnailUrl":"https://terra-lusa.com/wp-content/uploads/2021/11/211-a.png","datePublished":"2021-11-27T11:58:41+00:00","dateModified":"2024-12-09T16:06:25+00:00","description":"Venha conhecer as coleções Terra Lusa onde as temáticas são inspiradas no património cultural de Portugal.","breadcrumb":{"@id":"https://terra-lusa.com/pt-pt/produto/colecao-eletrico-eco-saco-ecologicos/#breadcrumb"},"inLanguage":"pt-PT","potentialAction":[{"@type":"ReadAction","target":["https://terra-lusa.com/pt-pt/produto/colecao-eletrico-eco-saco-ecologicos/"]}]},{"@type":"ImageObject","inLanguage":"pt-PT","@id":"https://terra-lusa.com/pt-pt/produto/colecao-eletrico-eco-saco-ecologicos/#primaryimage","url":"https://terra-lusa.com/wp-content/uploads/2021/11/211-a.png","contentUrl":"https://terra-lusa.com/wp-content/uploads/2021/11/211-a.png","width":900,"height":900},{"@type":"BreadcrumbList","@id":"https://terra-lusa.com/pt-pt/produto/colecao-eletrico-eco-saco-ecologicos/#breadcrumb","itemListElement":[{"@type":"ListItem","position":1,"name":"Home","item":"https://terra-lusa.com/pt-pt/"},{"@type":"ListItem","position":2,"name":"Produtos","item":"https://terra-lusa.com/pt-pt/produtos/"},{"@type":"ListItem","position":3,"name":"Eco Saco Elétrico"}]},{"@type":"WebSite","@id":"https://terra-lusa.com/pt-pt/#website","url":"https://terra-lusa.com/pt-pt/","name":"Terra Lusa","description":"O Melhor de Portugal","potentialAction":[{"@type":"SearchAction","target":{"@type":"EntryPoint","urlTemplate":"https://terra-lusa.com/pt-pt/?s={search_term_string}"},"query-input":{"@type":"PropertyValueSpecification","valueRequired":true,"valueName":"search_term_string"}}],"inLanguage":"pt-PT"}]}</script>
<!-- / Yoast SEO plugin. -->

Eco Saco Elétrico - Terra Lusa

Venha conhecer as coleções Terra Lusa onde as temáticas são inspiradas no património cultural de Portugal.
